{"id":19,"date":"2024-12-18T18:09:00","date_gmt":"2024-12-18T15:09:00","guid":{"rendered":"https:\/\/setajel.com.tr\/?page_id=19"},"modified":"2024-12-18T18:23:25","modified_gmt":"2024-12-18T15:23:25","slug":"sentetik-dolgu-jelleri","status":"publish","type":"page","link":"https:\/\/setajel.com.tr\/index.php\/sentetik-dolgu-jelleri\/","title":{"rendered":"Sentetik Dolgu Jelleri"},"content":{"rendered":"<section  class='av_textblock_section av-26upp-f9b31449f9984bee6b2f9b731c54817f '   itemscope=\"itemscope\" itemtype=\"https:\/\/schema.org\/CreativeWork\" ><div class='avia_textblock'  itemprop=\"text\" ><p><strong>Sentetik Dolgu Jelleri<\/strong><\/p>\n<p>Polib\u00fcten Esasl\u0131 Sentetik Dolgu Jeli; Polimer izoleli haberle\u015fme kablolar\u0131nda su ve nem izolasyonu i\u00e7in \u00f6zel olarak \u00fcretilmi\u015ftir. M\u00fckemmel s\u0131cakl\u0131k performans\u0131na, su iticili\u011fine ve esnek bir yap\u0131ya sahiptir. Farkl\u0131 s\u0131cakl\u0131klarda uygulanabilir ve kablo bile\u015fenleri ile uyumludur.<\/p>\n<\/div><\/section>\n<div  class='hr av-z89l-c60afafebe19c26fb0ef124d70a62e63 hr-default  avia-builder-el-1  el_after_av_textblock  el_before_av_gallery '><span class='hr-inner '><span class=\"hr-inner-style\"><\/span><\/span><\/div>\n\n<style type=\"text\/css\" data-created_by=\"avia_inline_auto\" id=\"style-css-av-l77p29sh-1fb722623fdf29c9d235d1d2c4ce2265\">\n#top .avia-gallery.av-l77p29sh-1fb722623fdf29c9d235d1d2c4ce2265 .avia-gallery-thumb a{\nwidth:25%;\n}\n<\/style>\n<div  class='avia-gallery av-l77p29sh-1fb722623fdf29c9d235d1d2c4ce2265 avia_animate_when_visible  avia-builder-el-2  el_after_av_hr  avia-builder-el-last  avia_lazyload avia-gallery-animate avia-gallery-1'  itemprop=\"image\" itemscope=\"itemscope\" itemtype=\"https:\/\/schema.org\/ImageObject\" ><meta itemprop=\"contentURL\" content=\"https:\/\/setajel.com.tr\/index.php\/sentetik-dolgu-jelleri\/\"><div class='avia-gallery-thumb'><a href=\"https:\/\/setajel.com.tr\/wp-content\/uploads\/2024\/12\/sentetik-jeller-2-1.jpg\" data-rel='gallery-1' data-prev-img='https:\/\/setajel.com.tr\/wp-content\/uploads\/2024\/12\/sentetik-jeller-2-1.jpg' class='first_thumb lightbox ' data-onclick='1' title='sentetik-jeller-2'  itemprop=\"thumbnailUrl\"  ><img decoding=\"async\" class=\"wp-image-27 avia-img-lazy-loading-not-27\"   src=\"https:\/\/setajel.com.tr\/wp-content\/uploads\/2024\/12\/sentetik-jeller-2-1.jpg\" width=\"400\" height=\"400\"  title='sentetik-jeller-2' alt='' \/><div class='big-prev-fake'><img loading=\"lazy\" decoding=\"async\" class=\"wp-image-27 avia-img-lazy-loading-27\"  width=\"400\" height=\"400\" src=\"https:\/\/setajel.com.tr\/wp-content\/uploads\/2024\/12\/sentetik-jeller-2-1.jpg\" title='sentetik-jeller-2' alt='' \/><\/div><\/a><a href=\"https:\/\/setajel.com.tr\/wp-content\/uploads\/2024\/12\/sentetik-jeller-1-1.jpg\" data-rel='gallery-1' data-prev-img='https:\/\/setajel.com.tr\/wp-content\/uploads\/2024\/12\/sentetik-jeller-1-1.jpg' class='lightbox ' data-onclick='2' title='sentetik-jeller-1'  itemprop=\"thumbnailUrl\"  ><img decoding=\"async\" class=\"wp-image-28 avia-img-lazy-loading-not-28\"   src=\"https:\/\/setajel.com.tr\/wp-content\/uploads\/2024\/12\/sentetik-jeller-1-1.jpg\" width=\"400\" height=\"400\"  title='sentetik-jeller-1' alt='' \/><div class='big-prev-fake'><img loading=\"lazy\" decoding=\"async\" class=\"wp-image-28 avia-img-lazy-loading-28\"  width=\"400\" height=\"400\" src=\"https:\/\/setajel.com.tr\/wp-content\/uploads\/2024\/12\/sentetik-jeller-1-1.jpg\" title='sentetik-jeller-1' alt='' \/><\/div><\/a><\/div><\/div>\n","protected":false},"excerpt":{"rendered":"","protected":false},"author":1,"featured_media":0,"parent":0,"menu_order":0,"comment_status":"closed","ping_status":"closed","template":"","meta":{"footnotes":""},"class_list":["post-19","page","type-page","status-publish","hentry"],"_links":{"self":[{"href":"https:\/\/setajel.com.tr\/index.php\/wp-json\/wp\/v2\/pages\/19","targetHints":{"allow":["GET"]}}],"collection":[{"href":"https:\/\/setajel.com.tr\/index.php\/wp-json\/wp\/v2\/pages"}],"about":[{"href":"https:\/\/setajel.com.tr\/index.php\/wp-json\/wp\/v2\/types\/page"}],"author":[{"embeddable":true,"href":"https:\/\/setajel.com.tr\/index.php\/wp-json\/wp\/v2\/users\/1"}],"replies":[{"embeddable":true,"href":"https:\/\/setajel.com.tr\/index.php\/wp-json\/wp\/v2\/comments?post=19"}],"version-history":[{"count":1,"href":"https:\/\/setajel.com.tr\/index.php\/wp-json\/wp\/v2\/pages\/19\/revisions"}],"predecessor-version":[{"id":30,"href":"https:\/\/setajel.com.tr\/index.php\/wp-json\/wp\/v2\/pages\/19\/revisions\/30"}],"wp:attachment":[{"href":"https:\/\/setajel.com.tr\/index.php\/wp-json\/wp\/v2\/media?parent=19"}],"curies":[{"name":"wp","href":"https:\/\/api.w.org\/{rel}","templated":true}]}}